0
Evaluate 13 - ((19 - 10) + -2).
6
Evaluate -21 + 8 + 3 + (5 - 5).
-10
-2 + 20 + -26 - 3 - (0 - -5)
-16
Evaluate -8 + 1 - (21 - -9 - 22).
-15
Calculate 9 + 1 - (29 + (-20 - -4)).
-3
Calculate 55 + (34 - 71) - 8.
10
Evaluate -37 - -23 - -12 - (1 - 15).
12
What is 16 + -18 + -9 - -6?
-5
What is 11 - (3 + -30 + 10 + 3)?
25
What is the value of -2 + 2 - (-2 + (16 - 12) + -8)?
6
11 + 2 - (32 - 7)
-12
0 + -11 + -13 + -5 + 26 - -1
-2
Evaluate 0 + 2 + -6 - (186 + -192).
2
What is the value of 281 + -276 - (-16 - (-3 + 1))?
19
Evaluate (-10 - 22) + 15 + 6.
-11
Evaluate 16 + -35 + 32 + -7 + 0.
6
Calculate (365 - 374) + (13 - 0).
4
-161 + 145 + 12 + 26
22
4 - (9 - (2 + -11 + 8))
-6
What is the value of 8 + -3 + -3 + (-17 - -19)?
4
12 - (7 + -2 + (9 - 21 - -5))
14
What is the value of 15 + -28 + (34 - 19)?
2
-10 + 3 - (11 + (-8 - -14))
-24
What is 12 - 12 - (4 + -3 + -6 + -7)?
12
Evaluate 4 + (52 + -19 - 76).
-39
6 + -6 - -2 - -8 - (5 + -2)
7
Calculate -2 - ((-9 - 11) + 28).
-10
What is the value of -9 + (-29 - (-23 - (-9 + 0)))?
-24
Calculate 2 + (2 - 8) + (-4 - 1).
-9
What is -24 - (-11 - (1 + 6)) - (1 + -15)?
8
What is the value of 1 + 0 + -10 + 10 + (2 - -6)?
9
What is the value of -3 + -14 + 8 + (-1 - -2)?
-8
What is (-150 - -147) + (-2 - (1 - -9))?
-15
Evaluate -10 + (110 - 106) + -19 + 1 + 11.
-13
Calculate -8 + 16 - (21 + 2 + 4 + -3).
-16
What is the value of 1 + -3 + 23 + (-15 - 19 - -36)?
23
Evaluate 2 + 0 + 0 + -80 + 68.
-10
What is the value of 30 + -1 - (-116 + 61 + 63)?
21
Evaluate -412 + 386 + -3 + 20.
-9
What is -31 - -3 - -2 - (-279 + 266)?
-13
What is the value of -5 + ((-4 - -6) + -8 - (8 + -11))?
-8
Calculate -10 - (14 + -12 + -3 - 5).
-4
-1 + 1 + -18 + (8 - -9)
-1
Calculate (-22 - -14) + (-19 - (0 + -6)).
-21
What is 1 - -1 - (-2412 + 2429)?
-15
Evaluate 3 - ((-160 - -162) + -2 + 0).
3
Evaluate -38 - (31 - (-32 - -65)).
-36
-13 + (-3 - (-3 - (-8 + 1 - 2)))
-22
-5 - ((35 + -29 - (5 - 0)) + 1)
-7
What is the value of 679 + -682 + (1 - -25)?
23
Calculate 1 + -2 - (56 + 23 + -85).
5
What is -13 - (-24 + -13 + 16)?
8
What is 0 - (12 - 0 - 17 - (-7 - 0))?
-2
Evaluate 9 - (-11 - -7) - (-2 - -13) - -23.
25
Calculate (25 - (5 + 23)) + -1 + 1.
-3
Evaluate (-28 - -6 - 7) + -3 + 13.
-19
Calculate (9 - 12) + -25 + 16 + 11.
-1
What is the value of (-134 - -124) + 3 + (3 - -1)?
-3
1 + -16 - (55 - 54)
-16
Calculate -2 - (14 - ((-13 - 1) + 10 - 1)).
-21
Evaluate -6 - -20 - (6 + 8 + 5).
-5
What is -6 - -11 - -2 - (2 - (-1 + 2))?
6
Calculate (-97 - -75) + (7 - -1) - (4 - -2).
-20
What is 6 + 14 + -26 - (-7 - -2)?
-1
(2 - 2) + 9 - (47 - (78 - 46))
-6
(-743 - -721) + (7 - 1)
-16
Evaluate (1 - (-2 + -6)) + (-15 - -34) + -8.
20
Calculate (0 - (-17 - -11)) + 0.
6
What is (-84 - -94) + 2 + -13?
-1
What is -1 + (17 + -14 - 10)?
-8
76 + -86 - (-2 - -3 - (0 + 5))
-6
(-7 - -21) + 7 + (4 - 1 - 8)
16
Calculate -37 - (-40 - (-22 - 1)).
-20
Evaluate 25 + -1 + 18 + 167 + -192.
17
What is 13 + (-10 - -1) - (17 + 2) - -2?
-13
(9 + -8 - -9) + -4
6
What is the value of (-8 - -4) + 12 + -10 + 6?
4
What is -14 - (-41 + 12) - (-1 + -2)?
18
What is the value of 0 - -10 - (16 + -48 + 33)?
9
What is 92 + -107 - (-18 + 1)?
2
Evaluate (15 - (-27 + 15)) + 15 + -15.
27
Calculate -4 + 1 + -5 + 0 - (-16 - -19).
-11
(-18 - -20) + -13 + -6 + 3 + 6
-8
-6 - (-30 + 25 - -17)
-18
-139 + 174 - (-1 - -13)
23
What is 15 - 9 - (-13 + 4 + 24)?
-9
2 + (5 - 5 - 11)
-9
Calculate -19 - (11 + -4 + -12).
-14
What is the value of -19 + (44 - (40 + -18))?
3
(-4 - 32) + -55 + 66
-25
Calculate -20 + (0 - -20) + 2 + (35 - 3).
34
What is the value of (-1 - (1 + 1 + -7 + 6)) + -1?
-3
Calculate -14 + (24 - -11) + 20 + -4.
37
What is the value of -4 + (3 - (-11 + -19 + 9))?
20
What is the value of (-201 - -197) + 2 + -21?
-23
What is the value of 4 + 1 + (21 - -1) + (-79 - -68)?
16
Evaluate -17 + 46 + -31 + -28 + -3.
-33
Calculate (-1 - 6) + 5 - (21 - 21).
-2
What is the value of 3 + (-13 - (2 - 23))?
11
What is 5 + -34 - (-94 - -43)?
22
Evaluate 11 - (-1 + -5) - 6.
11
What is the value of 9 + (11 - 7) + (-7 - -1)?
7
What is the value of -359 + 333 + -1 + 17?
-10
What is the value of -9 + -27 - 5 - (-3 + -5 + -3)?
-30
Evaluate -17 - (1 + -7 + (16 + -2 - 14)).
-11
What is the value of (-7 - -6) + 7 + -3 - -4 - -11?
18
What is the value of -7 - -18 - (14 + -6 - 4)?
7
Calculate 30 + (9 - (20 - -20)).
-1
Calculate (-129 - -124) + (2 - 0) + -2.
-5
What is -3 - ((78 - 66) + -4 + 2)?
-13
What is (-60 - -75) + -19 + 0?
-4
What is the value of (-14 - 6) + -6 - -13?
-13
Calculate -20 - (-12 + -29 + 12).
9
Calculate 19 - 8 - 18 - (10 + 0 + -14).
-3
Calculate 34 - (-36 - -16 - -30).
24
Evaluate -5 - (30 + -31 + 19).
-23
Evaluate (-1 - 11) + (-11 + -12 - -16).
-19
Calculate (-9 - -15) + (-19 - (5 - (-3 + 6))).
-15
Evaluate 25 - (2 + -4 - (-10 - (-2 - 1))).
20
-29 + 57 + (-10 - -3)
21
Evaluate -68 + (49 - -26) + -36.
-29
4 + -12 - (-4 - (0 + 0))
-4
Evaluate -2 + (-13 - 9 - -14).
-10
Evaluate -2 + -8 + -2 + -3 + 1 + -4.
-18
Calculate (14 - 3) + -17 + -6.
-12
What is (-6 + 1 + 0 - 1) + 2045 + -2037?
2
Evaluate 9 - ((-74 - -84) + 2 + -11).
8
Calculate 10 - (18 - 9) - 6.
-5
What is -39 + -30 + 40 - -23?
-6
Evaluate 8 - 5 - (12 - (-6 - -5)).
-10
Calculate -1 + -2 - (-5 - (-20 + 0)) - 1.
-19
Calculate 10 + -2 + (-54 - -38).
-8
What is the value of -2 + 23 - 12 - (-8 - -2)?
15
5 - (3 + 7) - (6 + 0)
-11
What is the value of 24 + -4 + 0 - (8 + -2 - -1)?
13
What is the value of (1 - 1) + -27 + 11 - -45?
29
Calculate (11 - (4 + 0)) + -14 + 7 + -7.
-7
Calculate (5 - (8 + (-4 - -2))) + -6 + 4.
-3
-3 + 6 + (0 - (-13 + 9) - 13)
-6
Evaluate -2 - (-10 + (11 - 9)).
6
(0 - (4 + -9)) + 2 + -3 - 3
1
Calculate -27 - -10 - (-23 - 4 - -9).
1
Calculate -5 + 6 + -19 - -25.
7
What is the value of -11 + 24 + -11 - (4 - 0)?
-2
-5878 + 5862 + (0 - (-1 - 14))
-1
Evaluate 22 - (-9 + 18) - (1 + 3 - -1).
8
What is the value of (6 - 2) + (5 + -8 - -18) + -9?
10
What is the value of (8 - (8 + -1)) + (6 - -7 - 3)?
11
Calculate 48 - ((2 + -5 - -6) + 11).
34
What is -9 - (16 - 11 - 5 - -7)?
-16
What is the value of 6 - (-1 - (13 - 10)) - (-1 - 4)?
15
Evaluate 15 + -16 + 7 - -16.
22
Calculate -4 - (1 - 25 - (-3 + (11 - 7))).
21
-23 + (-4 - (-3 + -19))
-5
Evaluate -4 + -16 + 14 + -21.
-27
Calculate (2 - 8 - -9 - -1) + (14 - 3).
15
What is 12 - 45 - (-44 + 11)?
0
Calculate (2 - 37) + 161 + -146.
-20
What is the value of -9 - (2 - (3 - 4))?
-12
What is the value of (11 - -1) + -141 + 127 + 19?
17
What is -22 + 31 + -22 + (-7 - 0) - -4?
-16
What is the value of -19 - -22 - (0 + -4 + 3)?
4
What is the value of (8 - (12 + -2)) + 17?
15
What is the value of (-141 - -147) + (-1 - 1)?
4
(-2 - -13) + -2 + (96 - 107)
-2
Evaluate 1 + -30 + 628 + -614.
-15
Evaluate 0 + 0 - 0 - (-2992 - -2974).
18
Calculate -2 - ((10 - 4) + 1 - -2).
-11
Calculate 2 + 3 + -1 - (464 - 459).
-1
(5 - 11) + (-26 - -28) - (1 - -8)
-13
What is the value of 6 - (16 + 7 + -10) - 9?
-16
What is (-11 - ((10 - 10) + -10 - 7)) + 5?
11
Calculate 9 + 1 - (-333 - -350).
-7
Calculate (4 - (-31 + 36)) + 3 + -31 + 3.
-26
What is the value of (-6 - 10 - -1) + (1 - (1 - 2))?
-13
32 - (2 - 2) - (-5 + (18 - 6))
25
What is the value of (-14 - -4) + (36 - 28)?
-2
What is the value of (-1 + -2 - -3) + (11 - (40 - 21))?
-8
What is 19 - (5 - (-11 - (22 + -10 + -19)))?
10
Calculate (-32 - -38) + -11 + 2 + 1 + -2.
-4
What is the value of (33 + -14 - 14) + -7?
-2
What is -2 + 0 + 6 + (1115 - 1133)?
-14
Calculate (-49 - (-30 - (9 + -25))) + 11 + -1.
-25
What is the value of 33 - (50 + -19 + -7)?
9
What is -173 - -125 - (-30 - -3)?
-21
Evaluate -9 + (-4 - (-6 + 4)).
-11
Evaluate -2 + (-1 - -8) + -4 + 1.
2
Evaluate -2 + 23 + (-15 + 10 + -24 - -19).
11
Evaluate -11 + 3 + (14 - (14 - 8)).
0
9 + -4 + (4 + -2 - 5) - 1
1
Calculate (1185 - 1187) + (1 + 9 + -1 - -3).
10
Calculate 7 + (2 - (-9 - (-10 - -8))) + -8.
8
13 + -20 + 12 - (-3 - -32)
-24
What is 7 + 11 + (-1 - 13)?
4
What is the value of (2 - 5) + -7 + 15?
5
What is 27 + -7 + (-2 - 3 - 1) - -2?
16
Calculate 3 + 9 - 11 - 1.
0
Evaluate -2 + 4 + 12 + (53 + -41 - 11).
15
What is the value of 70 - 79 - (-33 - -3)?
21
Evaluate (31 + -4 - 16) + 0.
11
(5 - (3 - -28)) + 21 + (8 - -1)
4
What is 0 - -4 - (15 + (4 - 8))?
-7
Calculate (7 + 1 - (-19 - -18)) + -1.
8
Calculate 5 + (0 